s 37 a factor of 2521291?
True
Is 291 a factor of 774060?
True
Is 95739 a multiple of 47?
True
Does 26 divide 1169898?
False
Does 439 divide 1811753?
True
Is 1271913 a multiple of 113?
False
Is 2539285 a multiple of 73?
False
Does 34 divide 101286?
True
Is 19 a factor of 5209633?
False
Does 289 divide 55777?
True
Is 13 a factor of 22954?
False
Is 185 a factor of 117475?
True
Is 8 a factor of 1100810?
False
Is 21 a factor of 209436?
False
Is 378726 a multiple of 5?
False
Does 27 divide 7365843?
True
Is 174 a factor of 248820?
True
Is 101 a factor of 7769021?
True
Is 76371 a multiple of 2?
False
Does 27 divide 90531?
True
Is 91 a factor of 141414?
True
Is 585789 a multiple of 23?
False
Does 8 divide 9152?
True
Is 3362515 a multiple of 122?
False
Does 5 divide 43556?
False
Is 13572690 a multiple of 15?
True
Is 77 a factor of 7469?
True
Does 141 divide 105979?
False
Is 201 a factor of 348534?
True
Is 55 a factor of 233585?
True
Is 134 a factor of 235840?
True
Does 4 divide 109535?
False
Does 245 divide 2152080?
True
Is 78 a factor of 5070624?
True
Is 1970340 a multiple of 6?
True
Is 877 a factor of 1276465?
False
Does 34 divide 1647436?
True
Is 76 a factor of 1238268?
True
Is 35 a factor of 1380365?
True
Is 12 a factor of 37188?
True
Is 840 a factor of 15392535?
False
Does 15 divide 2387685?
True
Is 2339391 a multiple of 28?
False
Does 369 divide 279333?
True
Is 232920 a multiple of 60?
True
Does 399 divide 247254?
False
Is 22 a factor of 347776?
True
Is 2081696 a multiple of 213?
False
Is 20 a factor of 34810320?
True
Is 604 a factor of 3004900?
True
Is 2970474 a multiple of 78?
True
Is 20020 a multiple of 13?
True
Does 41 divide 527055?
True
Does 8 divide 3547888?
True
Is 13 a factor of 152601?
False
Does 10 divide 554730?
True
Is 2942804 a multiple of 205?
False
Does 112 divide 2191616?
True
Is 22287 a multiple of 51?
True
Does 17 divide 137368?
False
Is 175136 a multiple of 16?
True
Does 314 divide 90878?
False
Is 10994 a multiple of 2?
True
Is 188384 a multiple of 14?
True
Is 270 a factor of 1074060?
True
Does 264 divide 459360?
True
Is 197 a factor of 26094?
False
Does 5 divide 1327525?
True
Does 10 divide 271030?
True
Is 2 a factor of 422406?
True
Does 21 divide 7558404?
True
Is 21469 a multiple of 62?
False
Is 10 a factor of 758690?
True
Is 70 a factor of 579287?
False
Is 8047588 a multiple of 60?
False
Is 25504 a multiple of 49?
False
Is 38 a factor of 572841?
False
Is 2321020 a multiple of 772?
False
Is 239390 a multiple of 74?
True
Is 56 a factor of 323979?
False
Does 11 divide 76296?
True
Does 163 divide 1250047?
True
Is 1144 a factor of 3600168?
True
Is 19 a factor of 26087?
True
Is 756 a factor of 605556?
True
Is 52 a factor of 154700?
True
Is 45602004 a multiple of 14?
True
Is 2485888 a multiple of 128?
True
Does 424 divide 828920?
True
Is 223436 a multiple of 83?
True
Is 142 a factor of 601086?
True
Is 1038198 a multiple of 38?
True
Is 152 a factor of 228675?
False
Does 23 divide 8712423?
True
Is 30 a factor of 18210?
True
Is 16 a factor of 1932304?
True
Does 14 divide 26683357?
False
Does 141 divide 14831041?
False
Does 309 divide 2593704?
False
Does 104 divide 1481282?
False
Does 422 divide 442256?
True
Does 35 divide 16526650?
True
Is 93049 a multiple of 101?
False
Is 16155024 a multiple of 296?
False
Is 23038160 a multiple of 690?
False
Is 120407 a multiple of 5?
False
Does 12 divide 267132?
True
Is 434 a factor of 1319794?
True
Is 192339 a multiple of 43?
True
Is 339 a factor of 200402?
False
Does 26 divide 75400?
True
Does 7 divide 11195?
False
Is 217 a factor of 9160004?
True
Is 7959799 a multiple of 133?
False
Does 28 divide 195132?
True
Is 3 a factor of 743466?
True
Is 181 a factor of 1258989?
False
Is 118 a factor of 37785?
False
Is 55 a factor of 37730?
True
Is 5 a factor of 43856?
False
Is 148709 a multiple of 7?
False
Does 56 divide 64550?
False
Is 113328 a multiple of 48?
True
Is 405 a factor of 274590?
True
Is 14 a factor of 13006?
True
Does 18 divide 7604?
False
Is 69938 a multiple of 17?
True
Is 519 a factor of 3921654?
False
Is 717744 a multiple of 37?
False
Is 1301908 a multiple of 3?
False
Is 43 a factor of 480610?
False
Is 1193922 a multiple of 57?
True
Is 15 a factor of 100536?
False
Is 411 a factor of 125328?
False
Is 1319930 a multiple of 22?
False
Is 414 a factor of 8056019?
False
Is 42 a factor of 14060466?
True
Does 19 divide 295204?
False
Does 25 divide 1722643?
False
Does 15 divide 1296938?
False
Is 190 a factor of 73213?
False
Is 35 a factor of 350280?
True
Is 7 a factor of 3192763?
True
Is 209 a factor of 50993?
False
Is 90860 a multiple of 50?
False
Is 767771 a multiple of 156?
False
Is 9 a factor of 60210?
True
Is 2372406 a multiple of 233?
True
Does 208 divide 110032?
True
Is 708 a factor of 16889340?
True
Is 828 a factor of 2835900?
True
Is 762174 a multiple of 524?
False
Does 732 divide 510204?
True
Is 15224515 a multiple of 87?
False
Is 50 a factor of 132100?
True
Does 3 divide 9531?
True
Is 4113648 a multiple of 11?
True
Is 32 a factor of 3322969?
False
Does 8 divide 269088?
True
Does 32 divide 13076064?
True
Does 427 divide 666120?
True
Is 82 a factor of 3893196?
True
Does 2 divide 543348?
True
Is 19 a factor of 1499955?
True
Does 639 divide 2019040?
False
Is 86007 a multiple of 3?
True
Does 9 divide 847757?
False
Does 26 divide 575120?
True
Is 108744 a multiple of 92?
True
Is 91 a factor of 80899?
True
Is 6172416 a multiple of 72?
True
Is 1627596 a multiple of 7?
False
Does 61 divide 209756?
False
Is 61 a factor of 7457942?
False
Does 554 divide 353102?
False
Does 42 divide 4720338?
True
Is 82372 a multiple of 57?
False
Is 106 a factor of 525083?
False
Does 14 divide 3050586?
True
Does 19 divide 663872?
False
Is 8 a factor of 526713?
False
Does 422 divide 6098322?
True
Is 44229 a multiple of 69?
True
Does 138 divide 470184?
False
Is 72 a factor of 18614?
False
Is 6848084 a multiple of 1238?
False
Is 1061 a factor of 4412699?
True
Is 108 a factor of 13153598?
False
Does 66 divide 933636?
True
Is 8 a factor of 4564072?
True
Is 7597 a multiple of 147?
False
Is 14 a factor of 241521?
False
Does 584 divide 17858720?
True
Does 15 divide 26663?
False
Is 39 a factor of 470418?
True
Is 187193 a multiple of 86?
False
Is 6303834 a multiple of 551?
False
Does 48 divide 281112?
False
Is 1237942 a multiple of 16?
False
Is 10 a factor of 340991?
False
Is 126 a factor of 9701197?
False
Is 100 a factor of 243757?
False
Does 159 divide 2586453?
True
Does 128 divide 295680?
True
Is 342660 a multiple of 2?
True
Does 510 divide 4647630?
True
Is 20777055 a multiple of 141?
True
Is 3 a factor of 75927?
True
Does 3 divide 45652?
False
Does 30 divide 298170?
True
Is 1653870 a multiple of 58?
True
Is 894530 a multiple of 983?
True
Is 9345868 a multiple of 287?
True
Does 75 divide 22100199?
False
Does 3 divide 73870?
False
Does 772 divide 1461396?
True
Does 381 divide 10671810?
True
Is 221 a factor of 548743?
True
Is 36436 a multiple of 39?
False
Is 126420 a multiple of 140?
True
Does 60 divide 24525?
False
Is 21 a factor of 4874895?
False
Is 97 a factor of 1940?
True
Is 62 a factor of 1134820?
False
Is 300 a factor of 703500?
True
Is 3053382 a multiple of 4?
False
Is 2155320 a multiple of 120?
True
Does 13 divide 519446?
False
Does 294 divide 1511580?
False
Is 180180 a multiple of 12?
True
Is 37 a factor of 52318?
True
Is 1558 a factor of 26853362?
False
Does 5 divide 1027210?
True
Is 320 a factor of 1349120?
True
Does 7 divide 107286?
False
Is 818937 a multiple of 331?
False
Does 307 divide 829722?
False
Is 160 a factor of 528160?
True
Does 253 divide 259831?
True
Does 339 divide 9605539?
False
Is 67 a factor of 338470?
False
Is 127 a factor of 427101?
True
Is 22231 a multiple of 246?
False
Is 6500901 a multiple of 208?
False
Does 13 divide 346619?
True
Is 37133 a multiple of 71?
True
Is 514627 a multiple of 3?
False
Is 195 a factor of 2072460?
True
Is 217 a factor of 79856?
True
Is 205649 a multiple of 66?
False
Is 427735 a multiple of 35?
True
Is 1784744 a multiple of 524?
True
Does 33 divide 1744538?
False
Does 7 divide 35847?
True
Is 6079 a multiple of 60?
False
Does 14 divide 856960?
False
Is 582752 a multiple of 9?
False
Does 20 divide 121160?
True
Is 10 a factor of 20089?
False
Is 47 a factor of 435214?
F